 -11).
-12
What is 1 + 6 + -6 + -10 + 5 + 6?
2
Evaluate 7 + 0 + 4 + (2 + -3 - 6).
4
What is the value of -17 + -21 + 14 + 9 - -11?
-4
Calculate (0 - -1) + -20 + 15 + -3 + 0.
-7
(52 + -15 - 30) + 18
25
Calculate (2 + (-17 - -1) - 0) + (90 - 90).
-14
19 - 0 - 0 - (-5 + 5 + -1)
20
1 + -38 - (7 + -27)
-17
What is 20 + 10 + -8 + -6 + 0?
16
Evaluate 28 - (-30 + (61 - -8)).
-11
What is -1 + (-6 - 0) - (139 + -148)?
2
Evaluate 1 + 5 + -44 + (-17 - -48).
-7
-1 + 1 + (-7 - -10 - -3)
6
Evaluate 53 + -79 - (-9 + (-2 - -4) + 5).
-24
What is 22 + (-9 - 1 - (228 + -228))?
12
What is -7 - (-8 + 11 - 27)?
17
Calculate -3 + 9 + (5 + -2 - 11).
-2
What is the value of -26 + (36 - 55) + 15 + 0?
-30
Calculate -12 + 11 - 7 - 0.
-8
What is the value of (0 - -23) + 5 + (1 - 2) + -6?
21
Evaluate 49 + 2 + (345 - 370).
26
Evaluate (9 - 10 - 5) + 0 + 3 + 11.
8
Evaluate 20 - (3 + 3 - (5 + 5)).
24
Evaluate -37 + (18 - -4) - -27.
12
(13 - -1) + -2 - 18
-6
What is 8 + -10 + 17 + -10 - 13?
-8
Calculate (-11 - 0) + 1 + (109 - 14 - 61).
24
What is -1 + -10 + 6 - -17?
12
Evaluate 3 + (14 + -23 - (3 + -6)).
-3
(10 - 0) + (-7 - (-5 + -3) - 4)
7
What is 0 + -16 + 3 - (83 - 113)?
17
Evaluate -17 + 7 + 4 + (0 - (-3 + -4)).
1
What is (11 - 2 - (43 - 19 - 27)) + -35?
-23
What is 12 + 5 + -2 + -11 + (1 - 1)?
4
What is 7 + -4 - (10 + (-5 - -3))?
-5
What is -12 + (-23 - -65) + -55?
-25
Calculate -16 - (17 - 27) - 7.
-13
-4 + (-36 - -4 - (6 + -17))
-25
What is the value of 11 + (-20 - 13) - 3?
-25
Evaluate (10 - 3) + -18 + (-4 - -1) + 7.
-7
Evaluate -19 + (-3 - (-29 + -2)).
9
What is -2 - -43 - ((-28 - -99) + -53)?
23
What is the value of (-24 - 7) + -13 + 29?
-15
Evaluate -5 - ((13 - 15) + -1).
-2
Calculate (-28 - (15 - 70)) + 6.
33
What is the value of -20 - ((-4 - (15 - 11)) + 4)?
-16
Calculate (-10 - -4) + -7 + -19 + 6.
-26
What is (-6 - 0) + 18 + -1 + -14?
-3
Evaluate 28 + -10 - (10 - 0) - -3.
11
6 + (-40 - -21) + 37
24
-3 + (1 + -49 + 43 - (-1 + 11))
-18
What is the value of (8 - 4) + -3 + 11 + -16?
-4
4 - 8 - (2 - -18 - 45)
21
What is (5 - 12) + 33 + -11?
15
3 + -1 + -4 + 8 + 5 + -1
10
Evaluate 3 - (0 + -1 - (9 + -15 + 11)).
9
What is 1 - 16 - 15 - -22?
-8
What is 9 + -3 + 18 - 25?
-1
Calculate 8 + (11 - 22) + 6 - 15.
-12
Evaluate 20 + -4 + (-320 - -316).
12
Evaluate (4 - 4) + -5 + 18.
13
What is -17 + (6 + -10 + 14 - 11)?
-18
Calculate -15 - -19 - ((3 - 5) + -2).
8
What is the value of (1 - -26) + -2222 + 2223?
28
Calculate (12 + -3 - 3) + (-7 + 3 - -1).
3
Calculate -4 - (11 - (11 - (13 - 0)) - 5).
-12
-2 - 1 - (17 - (3 - -19))
2
Evaluate 3 + 2 + -16 + 19.
8
Evaluate 4 - ((11 - 2) + -1) - 1.
-5
What is -56 + -5 + 43 + 10 + 0?
-8
0 + (3 - (-4 + 1) - 1) + 6
11
What is -7 - -23 - (0 + -23 + 8)?
31
What is -2 + 1 + 4 - (-148 - -148) - -1?
4
Calculate 6 - (-1 + -6 + 3) - (0 - 0).
10
(10 - 1) + -4 + (-3 - -7)
9
Calculate 12 + 0 + (7 - 14) - (-1 + 5).
1
Evaluate 11 - ((-11 - 4) + 29 + 19).
-22
Evaluate 0 + -1 - (1 + (-14 - (-5 - -5))).
12
What is (-11 - 0) + -19 + 9 + 15?
-6
(1 - 8) + (-9 - 0 - (5 - 9))
-12
Evaluate (-9 - ((13 - 3) + 3)) + (0 - -2).
-20
Evaluate (-10 - -2) + 8 + -12.
-12
Calculate 10 + (27 - 21) + -32.
-16
-15 - (-23 + 19 + 9 - (13 - 0))
-7
Calculate -10 - (34 + -36 - (0 - -2)).
-6
What is 2 - (14 - 6) - (1 - 5)?
-2
Evaluate -9 - ((-5 - -9 - 3) + -10).
0
What is the value of -7 - (-9 + -8) - -1 - 1?
10
Calculate 2 + (8 + -9 - 14).
-13
Calculate 2 - ((-11 - 2) + 23).
-8
(20 - 1) + (10 + -6 + -1 - -2)
24
Evaluate (-5 - (-5 + -13 - -4)) + -8.
1
Calculate -7 - (7 - ((-10 - 1) + -10)) - -8.
-27
Calculate -22 + 2 + 16 + 1 + (1 - 5).
-7
Evaluate 7 + (-1 - 6) - (-7 + 7 + -4).
4
10 - -3 - (2 - 3) - 6
8
What is the value of -36 + 8 + 2 + 17 + (0 - -7)?
-2
Calculate (-6 - -30) + -14 - 17.
-7
What is the value of (-13 - 3) + -15 - -17 - 5?
-19
Evaluate -3 - (-1 + -6) - -10 - (-4 + 10).
8
Calculate (-25 - (-18 - -21)) + (0 - -3) + 4.
-21
What is the value of 16 + (-8 - 25) - 8?
-25
(1 - -2 - -3 - (-18 + 14)) + -5
5
What is -17 - (-14 + -22 + 16)?
3
1 - ((-16 - -32) + -36)
21
-3 + 10 + -17 + 2 + 8 - -6
6
What is 39 + (7 - 19) - 27?
0
Calculate 17 - (-20 + 38 - 7).
6
What is the value of -30 + (-2 - (1 - 3) - -10)?
-20
-18 - -22 - -5 - (0 + 3)
6
Evaluate 2 - 0 - -24 - (2232 - 2228).
22
34 + -7 + -50 + 36
13
What is the value of (1 - -5) + (-12 - -6 - -9 - 1)?
8
What is (-1 - ((-4 - -1) + -6)) + (5 - 1)?
12
Evaluate 2 + -6 - -3 - (-14 - -18).
-5
What is the value of 9 + -2 + -8 + 1 + 15 + -5?
10
Calculate -14 + 6 - (-42 - -35) - -22.
21
What is (249 - 230) + 12 + -6?
25
Evaluate 15 + -10 + 22 + -14.
13
What is the value of 4 + -2 - (-28 - -36)?
-6
Calculate (0 + -2 - -5) + 7 - (-27 + 19).
18
22 + (-10 - -15) + -14 - 13
0
What is 23 - 12 - -15 - 5?
21
What is -16 - (-4 - 16) - (-1 - (20 + -2))?
23
What is -29 + (1 - -21) - -19?
12
What is the value of 35 + -22 - (2 + -11 - -16)?
6
What is the value of -10 + (18 - 7 - 6) - (-1 - 19)?
15
Evaluate -17 + (21 - 2) + 2 + -9 + -1.
-6
What is (-3 - (11 + (4 + -2 - 3))) + 1?
-12
What is the value of (0 - -1) + -12 - (-583 + 560)?
12
(6 - 0) + -26 + 18 + (0 - 2)
-4
What is 16 + (-1 - (15 + 1))?
-1
(1 - 2) + -13 + -9 + 30
7
What is the value of -11 + 8 + -4 + (-1 - -22 - -1)?
15
What is -1 - -4 - 3 - (-15 - -8)?
7
Calculate (-87 - -81) + -1 + 8.
1
What is 7 - (1 + 11 - 3) - (-5 + 16)?
-13
Evaluate -1 + 1 + (-46 - -45 - (23 - 1)).
-23
Calculate 0 + (0 - 0) + 0.
0
Evaluate (7 - 5) + (0 - 1) - -7.
8
What is -8 - (-1 + (-3 - -1)) - (33 + -27)?
-11
What is 5 - (3 + -1) - (533 - 540)?
10
What is the value of 8 - (-1 + 1 + -6 + 7 + -9)?
16
Evaluate -18 + -25 + 17 + 1.
-25
Evaluate 3 + (-86 - -92 - (1 - 7)).
15
What is the value of 32 + -31 + -3 + 5 + 6 - -8?
17
Calculate -31 + -11 + (-8 - -26) + -7.
-31
What is 5 - (-456 + 452 - (-2 - (42 - -2)))?
-37
What is (10 - 12 - (-2 + 14)) + 27?
13
Calculate -1 + (-5 - 2) + -3 + (-16 - -19).
-8
What is 23 + 71 + -39 + -20?
35
156 + -172 - (0 - 12)
-4
What is the value of (1 - 1) + 8 + 11 + -19 - 8?
-8
What is 8 + -7 + 6 - 13?
-6
Evaluate -2226 + 2210 + (32 - (-1 + 2)).
15
Calculate -1 + -17 + 24 + -12.
-6
Evaluate -10 + 1 + (21 - -13 - 24).
1
What is the value of -12 + (2 - (2 + -2)) - (-194 + 186)?
-2
-4 - -56 - (10 + 1 + 7)
34
What is -591 - -579 - (0 + -11)?
-1
0 + 15 - (84 + -57)
-12
(-2 - 0) + (-1 - -2) + -4
-5
Evaluate 861 + -859 - (6 + 0 + (-1 - -2)).
-5
Evaluate 3 + (23 - 3) - (246 - 243).
20
-3 - (0 - (-16 - (-27 - -14)))
-6
(-23 - (-6 - 15)) + (1 - 9)
-10
Evaluate -32 + 0 - ((13 - 14) + -12).
-19
Evaluate -47 + (17 - -22) + 41.
33
Evaluate -5 + (-29 - -32) + 0 + 6 + 0.
4
What is the value of -2 + 1 - 7 - (-29 + 52 + -23)?
-8
What is the value of -9 + (3 - (0 - 6 - (-40 - -33)))?
-7
Calculate -2 - (4 + 1 + -1 - (-1 + 4)).
-3
What is 38 + -44 - (1 + -1) - -29?
23
Calculate (1 - ((-1 - 5) + -12)) + -2 + -9.
8
-5 - (10 + (10 - 20))
-5
What is -16 + 23 + 15 - 23?
-1
What is -20 - (3 + -17 - 3) - (-1 + 5)?
-7
Evaluate (1 - (-2 - -4)) + (-8 - 0 - -3).
-6
Evaluate 12 - (-52 - -28) - 37.
-1
Evaluate 9 + -20 + 17 + 5.
11
Evaluate -15 + (-4 - -5) + 12.
-2
5 + 11 + -11 + 8
13
What is the value of -1 + 4 + -24 + 5 - (-2 - 5)?
-9
Evaluate 38 + -40 + (-1 + -2 - (4 + -11)).
2
(-7 + 13 - 5) + 2 + -9
-6
6 + (-4 + 10 - 9 - -19)
22
What is (1 + (1 - 4) - -6) + 11?
15
Evaluate 5 + (-8 - 10) + -7.
-20
(-1 - -7) + 6 - (-3 - -10)
5
What is the value of 22 + (0 - 2 - (132 + -130) - 5)?
13
What is -14 + (5 - -9 - -9)?
9
What is -11 + (6 - -10) - 1 - 13?
-9
Calculate (-4 - 0 - -9 - 14) + (4 - -26).
21
(0 + -1 + 1 - 5) + -1357 + 1352
-10
What is the value of 4 + -6 + 2 - (-5 - (-16 + 5))?
-6
What is the value of -6 - ((13 - 22) + 4 - (-2 - -17))?
14
Calculate 4 + -4 + 2 + 5 - (2 + 1).
4
-18 - (10 - 45 - -21 - (0 - 8))
-12
Calculate 6 - (6 + (-10 - (-2 - -2))).
10
Calculate -5 + 10 + -17 - (10 + -5 + -17).
0
Evaluate 2 + 4 - -1 - (-2 + 2).
7
What is 0 - (2 + 0) - (-43 - -53)?
-12
What is the value of 4 - (-6 - -20 - -3 - (-6 + 2))?
-17
What is the value of 8 + (7 - 13) + 2 - 25?
-21
Calculate 23 + -10 + 9 - (-10 + 26).
6
(59 - 15) + -37 + -1 + -1 + -12
-7
-23 + (37 - 17) - (0 - 8)
5
Evaluate (9 - -2) + -7 - (0 + 4 - 8).
8
What is -1 - (-1 - -9) - (36 + -32 - 10)?
-3
What is 2 + (19 - (31 + -8))?
-2
What is 3 - 9 - (12 - ((1 - -1)